isor of 770 and 48730.
110
Calculate the highest common factor of 69277 and 533.
13
What is the highest common factor of 7423 and 533?
13
What is the highest common divisor of 3152477 and 181?
181
What is the greatest common divisor of 30832 and 8200?
328
Calculate the highest common divisor of 3927 and 18921.
357
Calculate the highest common divisor of 33 and 213620.
11
Calculate the highest common divisor of 12236 and 203224.
532
Calculate the greatest common divisor of 7 and 329357.
7
What is the highest common divisor of 6240 and 1206?
6
Calculate the greatest common divisor of 358420 and 220.
20
Calculate the greatest common factor of 112 and 157392.
16
What is the greatest common factor of 1935420 and 60?
60
Calculate the highest common divisor of 1379 and 2723.
7
Calculate the greatest common factor of 104 and 1008.
8
What is the highest common divisor of 11400 and 28025?
475
What is the greatest common factor of 38 and 4582648?
38
What is the greatest common factor of 2924 and 1935?
43
What is the highest common factor of 682 and 10384?
22
Calculate the highest common divisor of 1025179 and 9752.
1219
What is the highest common divisor of 1682 and 3132?
58
Calculate the highest common divisor of 8399 and 12099.
37
Calculate the greatest common factor of 352846 and 21853.
533
What is the greatest common divisor of 264 and 20504?
88
Calculate the greatest common divisor of 26057 and 142.
71
Calculate the highest common divisor of 356 and 135458.
178
Calculate the greatest common divisor of 2634 and 29.
1
Calculate the greatest common divisor of 128350 and 17.
17
Calculate the highest common divisor of 15993 and 297.
9
Calculate the highest common factor of 455667 and 6834.
201
Calculate the greatest common divisor of 38 and 6828562.
38
What is the highest common divisor of 12015 and 45?
45
Calculate the highest common factor of 5848 and 499273.
731
What is the greatest common divisor of 2428868 and 2704?
676
What is the highest common factor of 3980 and 7363?
199
Calculate the greatest common divisor of 32 and 108512.
32
Calculate the greatest common factor of 19644024 and 12.
12
What is the greatest common factor of 199294 and 12048?
502
What is the highest common divisor of 658035 and 315?
315
What is the greatest common divisor of 3357 and 458417?
373
Calculate the greatest common divisor of 6784 and 100276.
212
Calculate the greatest common divisor of 1022358 and 6.
6
Calculate the greatest common divisor of 187 and 126709.
11
Calculate the greatest common divisor of 5 and 59955.
5
What is the highest common factor of 1188 and 4116?
12
What is the greatest common divisor of 11844 and 1449?
63
What is the greatest common divisor of 2346 and 7854?
102
What is the greatest common factor of 3186 and 45252?
54
Calculate the highest common divisor of 1791 and 747.
9
What is the greatest common factor of 1875 and 607500?
1875
What is the highest common factor of 111078 and 11?
11
What is the highest common divisor of 333 and 19056591?
333
Calculate the greatest common factor of 4 and 41468.
4
What is the highest common divisor of 124 and 144336?
124
What is the highest common factor of 54204 and 204?
12
Calculate the highest common factor of 17004 and 468.
156
Calculate the highest common divisor of 81 and 933.
3
Calculate the highest common factor of 117480 and 20114.
178
Calculate the highest common factor of 71920 and 14260.
620
Calculate the greatest common divisor of 36 and 221814.
18
What is the highest common factor of 1190 and 747558?
238
What is the highest common divisor of 38 and 204402?
38
Calculate the highest common divisor of 20370 and 8370.
30
What is the greatest common divisor of 5202 and 76874?
578
What is the highest common factor of 22466 and 282?
94
Calculate the highest common divisor of 23832 and 232.
8
What is the highest common factor of 204 and 29376?
204
Calculate the highest common divisor of 12772 and 620.
124
What is the greatest common factor of 80 and 3152?
16
Calculate the highest common factor of 145142 and 434.
62
Calculate the greatest common factor of 23604 and 21.
21
What is the greatest common factor of 2443224 and 168?
168
Calculate the greatest common divisor of 217536 and 16274.
206
What is the greatest common divisor of 2555 and 45?
5
What is the highest common divisor of 489547 and 101?
101
Calculate the highest common divisor of 1890 and 12960.
270
Calculate the greatest common divisor of 72422 and 440444.
1478
What is the highest common factor of 133 and 3647?
7
What is the greatest common factor of 769725 and 450?
225
Calculate the greatest common factor of 61831 and 365.
73
Calculate the greatest common divisor of 252 and 59458.
14
Calculate the highest common factor of 28886 and 20306.
286
What is the greatest common factor of 1584 and 1444?
4
What is the greatest common divisor of 32 and 3872?
32
Calculate the highest common factor of 621 and 563868.
621
Calculate the highest common divisor of 2701 and 3182.
37
What is the greatest common factor of 1311 and 123763?
23
Calculate the greatest common divisor of 543 and 1257588.
543
Calculate the highest common factor of 663584 and 288.
32
What is the greatest common factor of 6211674 and 378?
378
Calculate the greatest common divisor of 1595 and 74327.
319
Calculate the highest common factor of 131 and 99167.
131
What is the highest common divisor of 173 and 290294?
173
Calculate the highest common divisor of 124 and 2476.
4
Calculate the highest common factor of 1632 and 1377.
51
Calculate the highest common factor of 70 and 1501070.
10
Calculate the greatest common divisor of 615 and 48330.
15
What is the highest common divisor of 531 and 2367?
9
What is the highest common factor of 12 and 1862?
2
Calculate the highest common factor of 520 and 431560.
40
What is the greatest common divisor of 159 and 4227227?
53
Calculate the highest common factor of 1073 and 2668.
29
What is the greatest common factor of 6560 and 953824?
1312
Calculate the greatest common divisor of 32536 and 21560.
392
What is the highest common divisor of 905 and 5792?
181
What is the greatest common divisor of 750 and 58875?
375
What is the highest common factor of 87 and 14761?
29
What is the greatest common divisor of 689 and 53477?
53
Calculate the greatest common factor of 899 and 5539.
29
What is the greatest common divisor of 5439625 and 50?
25
What is the highest common divisor of 28930 and 495?
55
Calculate the greatest common divisor of 15759 and 4437.
153
Calculate the greatest common divisor of 1586 and 588223.
61
What is the greatest common factor of 501 and 116566?
167
Calculate the greatest common divisor of 7955 and 1480.
185
Calculate the highest common factor of 2822 and 5557929.
1411
What is the greatest common factor of 720 and 7764?
12
What is the highest common divisor of 1128 and 206800?
376
What is the greatest common divisor of 161 and 9793?
7
Calculate the greatest common factor of 322277 and 58.
29
What is the greatest common divisor of 568480 and 68000?
2720
Calculate the highest common factor of 20740 and 113220.
340
What is the greatest common factor of 1730 and 1760?
10
Calculate the greatest common factor of 186 and 103.
1
Calculate the greatest common divisor of 690858 and 126.
126
Calculate the highest common divisor of 352170 and 2451.
129
Calculate the greatest common factor of 262 and 833291.
131
Calculate the greatest common factor of 742633 and 1535.
307
What is the greatest common factor of 20375 and 7661?
163
Calculate the greatest common factor of 1778 and 21.
7
Calculate the highest common factor of 10 and 137360.
10
What is the greatest common factor of 471 and 1263?
3
What is the highest common factor of 9924 and 12?
12
Calculate the highest common factor of 27869 and 29.
29
Calculate the highest common factor of 468 and 2819466.
234
Calculate the greatest common divisor of 1041026 and 427.
427
Calculate the highest common factor of 1821 and 54.
3
Calculate the greatest common factor of 1380 and 65.
5
What is the highest common divisor of 528 and 675510?
66
What is the greatest common factor of 320 and 1472?
64
Calculate the highest common divisor of 56 and 1384.
8
Calculate the highest common factor of 805280 and 105.
35
